 Let u(h) = 3*l(h) + 7*r(h). Let f = 29 + -35. What is the units digit of u(f)?
7
Suppose 3 = -3*k + 3*a + 24, -5*k - a + 11 = 0. Let h(u) = -u**3 + 4*u**2 - u - 1. Let g be h(k). Suppose 26 = -4*q + g*q. What is the units digit of q?
6
Let r = 3 + 23. What is the tens digit of r?
2
Let l = 428 - -359. What is the units digit of l?
7
Let p be 16/(-20) - (-18)/10. Let v = 4 + -2. What is the units digit of v/p*(1 - -3)?
8
Let f(w) = w**3 - 13*w**2 + 13*w - 12. Let p be f(12). Suppose -3 = -3*n - p*n. What is the tens digit of 2/(((-2)/(-21))/n)?
2
Suppose 0 = 13*h - 143 - 91. What is the tens digit of h?
1
Let r(s) = 23*s**3 - 4*s + 9. What is the hundreds digit of r(3)?
6
Suppose 3 = z - 2*j + 5*j, 4*z + 5*j = 26. Let n = 11 - z. What is the tens digit of n/(-10) - 2128/(-40)?
5
Let x = -45 + 77. Let o = 25 + x. What is the tens digit of o?
5
Suppose 0 = -2*m - m - 2*b + 19, 3*b - 21 = -3*m. Suppose 0*a - 4*a = m*v - 859, 0 = 4*v + a - 696. What is the tens digit of v?
7
Let i be (10 + -8)/(1/2). What is the tens digit of 35/20 + -2 - (-369)/i?
9
Let j(s) = -s + 11. Let d be j(11). Suppose -4*a + 16 = -d*y - 2*y, 0 = 3*y - 12. What is the units digit of a?
6
Suppose 0 = -4*s - 4*n + 16, -10 + 26 = 2*s + 4*n. Suppose -5*u + s*u = -95. What is the tens digit of u?
1
Let x be (33/22)/(9/10)*3. Suppose 2*m - 4*m + 103 = -s, -5*s + x = 0. What is the units digit of m?
2
Suppose 3*j - 112 = j + 2*k, 0 = -2*j + 3*k + 108. Suppose -o + j = -19. What is the units digit of o?
9
Let x = 20 - 98. What is the units digit of (x/(-2))/(45/30)?
6
Let i be -3*(-4)/((-2)/1). Let q(m) = m + 7. Let n be q(i). What is the units digit of 1 + n - (0 + -14)?
6
Suppose 3*o - 5*o + 1621 = 3*w, -5*w + 2709 = -4*o. What is the units digit of w?
1
Let j(g) = -3*g + 8. Let p(x) = -3*x + 7. Let y(z) = 3*j(z) - 2*p(z). Suppose -7*w = w + 64. What is the units digit of y(w)?
4
What is the tens digit of 6 - -1 - (-13 + -548)?
6
Suppose 412 + 232 = 4*s. Let k = 313 + -218. Suppose i + 2*i - m = k, 5*i = m + s. What is the tens digit of i?
3
Let i be -4*((2 - -3) + -1). Let g = 12 + i. Let v(t) = t**2 + 3*t + 4. What is the units digit of v(g)?
8
Let j(n) = -3*n + 24. Let h be j(8). Suppose 4*k + k - 515 = h. What is the hundreds digit of k?
1
Let s(p) = -p**2 + 17*p - 59. Let u be s(11). Suppose n + 552 = u*n. What is the tens digit of n?
9
Let v be -31 + (-2 + 3 - 0). Let n be (-12)/v + (-124)/10. What is the tens digit of 362/8 - n/16?
4
Suppose l - 5 = -w, w + 2*l = -0*l + 8. Suppose -2 = -w*j, 6*p = p + 4*j + 11. Suppose p*n - 71 = -y, 3*y - 4*n + 22 = 222. What is the units digit of y?
8
Let g = 1804 - 806. What is the units digit of g?
8
Let r = 56 - 22. Suppose -r - 92 = -6*b. What is the units digit of b?
1
Suppose -4*u + 3240 = -3*o, -3*o + 454 = -u + 1273. What is the hundreds digit of u?
8
Let g(j) = -j**3 + 5*j**2 + 2*j**2 + 5 - 3. What is the units digit of g(7)?
2
Suppose -5*n + 4829 = 6*n. What is the tens digit of n?
3
Suppose 0 = -5*t + 4*a + 23606, 5*a = 2*t - t - 4738. What is the units digit of t?
8
Suppose -4*i = 4*b - 9172, 9*b = -5*i + 13*b + 11447. What is the units digit of i?
1
Suppose 3*f + f = a + 368, 2*a - 460 = -5*f. Suppose 0 = 2*k - 2 - 4. Suppose -k*x + f = x. What is the tens digit of x?
2
Let m(d) be the first derivative of -d**4/4 + 7*d**3/3 - d**2/2 + 10*d + 1. Suppose 10*l - 7 = 9*l. What is the units digit of m(l)?
3
Let d be 10/(-15)*(-117)/6. Let p(k) = -k**2 + 12*k + 18. What is the units digit of p(d)?
5
Let h(t) = 9*t**3 - 7*t**2 + 6*t + 10. What is the hundreds digit of h(6)?
7
Let y(t) be the third derivative of -97*t**4/24 - 2*t**3/3 - 9*t**2. Let b be y(2). What is the units digit of b/(-54) + 8/6?
5
Suppose 0*f = 11*f - 22. Suppose 2*v = 4*c - 84 - 4, -f*c + 48 = -2*v. What is the units digit of c?
0
Suppose -99 = -5*t - 94. Let x be ((-8)/12)/(1/3). What is the tens digit of (t/x)/((-1)/92)?
4
Let k = -285 - -271. Let x(l) = l**3 - 3*l**2 + 2*l - 4. Let h be x(4). Let w = k + h. What is the units digit of w?
6
Suppose 3*z - z + 4*p = 46, 3*p = 5*z - 63. Let f = 32 - z. What is the units digit of f?
7
Suppose -1385*t = -1391*t + 8580. What is the tens digit of t?
3
Suppose -4782 + 16700 = 5*o - k, 11926 = 5*o + 3*k. What is the hundreds digit of o?
3
Let k = 248 - 77. What is the tens digit of k?
7
Suppose 0 = m - 3*b - 8, 40 = 5*m - 0*b + 2*b. Let t be ((-20)/(-12))/((-1)/(-6)). What is the units digit of m/t - (-1)/5?
1
Let h(d) = 24*d - 24. Let l be h(10). Suppose 2*x = -5*b - l, 2*x + 0*x = -4*b - 174. Let r = -8 - b. What is the units digit of r?
4
Let f be 3 + 0 + -2 + 4. Suppose 4*o = f*h + 6, 6*o - 8 = 3*o + 2*h. Suppose 2*i - u - 122 = o*u, -208 = -4*i + u. What is the units digit of i?
1
Let q be ((-156)/(-48))/((-2)/(-8)). Suppose 5*l + 0*g - g - q = 0, -g + 8 = 2*l. Suppose 0*o = l*o - 141. What is the units digit of o?
7
Suppose 3*z = 7*z + 2*v - 386, 3*z - 3*v = 285. What is the units digit of (-24)/(-84) - z/(-7)?
4
What is the tens digit of (48 - 2)/(-5*4/(-140))?
2
Let k(h) = h**3 + 7*h**2 + 2*h + 10. Let i be k(-7). Let a be 5/i - 6/8. What is the tens digit of (-5)/((-1)/(-10)*a)?
2
Let l be 0 + 7/(28/544). Suppose 0 = -3*v - 4*y + 103, 4*v + 6*y - y - l = 0. What is the tens digit of v?
2
Let a(u) = -3*u + 6. Let l(w) = -w - 4 - w + 4*w. Let g(c) = -5*a(c) - 7*l(c). What is the units digit of g(6)?
4
Let b(h) = -h**3 + 7*h**2 - 6*h - 15. Let w be b(7). Let d = -38 - w. What is the tens digit of d?
1
Let u(c) = -3*c + 12. Let r be u(2). Let t(v) = 4*v + 16. What is the tens digit of t(r)?
4
Suppose 0 = -3*i + 79 + 11. Suppose -2*v = -5*v + i. What is the tens digit of v?
1
Suppose 16*f - a = 11*f + 1960, -3*a = 0. What is the tens digit of f?
9
Suppose -d - 916 = d + 5*p, 4*d + 1864 = -2*p. What is the tens digit of 2/7 + d/(-28)?
1
Let m(t) = 5*t**3 - t**2 + 2*t - 1. Let x be m(-2). Let v = x - -86. What is the tens digit of v?
3
Let d(q) = -2*q - 6. Let f be d(-3). Suppose f = 8*a - 4*a - 84. What is the tens digit of a?
2
Let u(d) = d**3 - 13*d**2 - 16*d + 15. Let y be u(14). Let r = -12 - y. Suppose o = -3*k + r, -7*k - 42 = -3*o - 3*k. What is the tens digit of o?
1
Let o(c) = 2*c**2 - 5*c - 27. Let q be o(11). Let j = q + -94. What is the units digit of j?
6
Let u = 1 + 1. Let a(m) = 9 + 0*m**2 - 4*m**u + 5*m - 3*m**2 + 8*m**2. What is the units digit of a(-4)?
5
Suppose 2*y + j + 4 = 3*y, -3*y + 5*j = -20. Suppose -6*k + 3*k = -2*c + 1, 2*k - 4*c + 14 = y. Suppose 75 = -k*b + 6*b. What is the units digit of b?
5
Let x(m) = 50*m**2 + 78*m - 382. What is the hundreds digit of x(5)?
2
Let p(h) = h**2 + 4*h - 9. Let g be p(-6). Suppose 3*n - c - 56 = 0, g*n + n - c - 76 = 0. What is the tens digit of n?
2
Let s be (0 - -1)/(2/8). Suppose 3*z - 7 = -l, 2 + 18 = 4*z - s*l. What is the tens digit of (7/z)/(2/12)?
1
What is the hundreds digit of 5/(0 + 7/1953)?
3
Let m be (-1 - (-8)/3)/((-9)/(-27)). Suppose 628 = 4*n - 0*q - 4*q, n - m*q - 157 = 0. What is the units digit of n?
7
Let o be (1 + (-6)/4)/((-1)/152). Suppose -2*d = 2*p - 142, d + p - o = 5*p. What is the units digit of d?
2
Suppose -7 = 3*b - 19, -4*b = 4*g - 9920. What is the units digit of g?
6
Suppose 0 = -7*g + 5524 - 1744. What is the units digit of g?
0
Let x(c) = -c + 5*c**3 - 4*c**3 + c**2 + 7*c**2 - 4*c**2. What is the tens digit of x(-2)?
1
Let l(u) = u**2 + 3*u. Let s = -9 + 15. Suppose -14 - s = 4*z. What is the units digit of l(z)?
0
Let x be (5 - 7)/(1/(-2)). Suppose x*d = -12, 4*u - 6*d + 2*d = 104. Suppose 4*g - 101 = u. What is the tens digit of g?
3
Let v(i) = i**3 + 14*i**2 + 36*i + 26. What is the tens digit of v(-9)?
0
Suppose 12*d - 75 = 9*d. Let o = d + 4. What is the units digit of o?
9
Let w = 78 + -112. Suppose -5*y - 336 = 4*p, -2*y + p - 106 = 31. Let s = w - y. What is the tens digit of s?
3
Let h be 2/(-7) - (-452)/14. Let i = 77 - h. What is the tens digit of i?
4
Let l(i) = 3*i**2 + 4*i + 2. Let a(o) = -o**3 + 5*o**2 + o - 7. Let y be a(5). Let m be l(y). What is the units digit of (-9)/m*2 + 9?
6
Let s(y) = 18*y + 8. Let p be s(7). Let o = -94 + p. Let u = -15 + o. What is the units digit of u?
5
What is the units digit of (-26335)/(-17) - 8/68?
9
Suppose 0*k - 8 = -4*k. Suppose -k*d = 2*d - 160. Suppose 8 = -i